{"id":3,"date":"2023-02-10T12:39:59","date_gmt":"2023-02-10T12:39:59","guid":{"rendered":"http:\/\/mollard-avocat.fr\/?page_id=3"},"modified":"2024-08-01T19:20:09","modified_gmt":"2024-08-01T17:20:09","slug":"mentions-legales","status":"publish","type":"page","link":"https:\/\/mollard-avocat.fr\/index.php\/mentions-legales\/","title":{"rendered":"Mentions L\u00e8gales"},"content":{"rendered":"<p>[et_pb_section fb_built=\u00a0\u00bb1&Prime; _builder_version=\u00a0\u00bb4.20.4&Prime; _module_preset=\u00a0\u00bbdefault\u00a0\u00bb global_colors_info=\u00a0\u00bb{}\u00a0\u00bb theme_builder_area=\u00a0\u00bbpost_content\u00a0\u00bb][et_pb_row _builder_version=\u00a0\u00bb4.27.0&Prime; _module_preset=\u00a0\u00bbdefault\u00a0\u00bb theme_builder_area=\u00a0\u00bbpost_content\u00a0\u00bb][et_pb_column _builder_version=\u00a0\u00bb4.27.0&Prime; _module_preset=\u00a0\u00bbdefault\u00a0\u00bb type=\u00a0\u00bb4_4&Prime; theme_builder_area=\u00a0\u00bbpost_content\u00a0\u00bb][et_pb_text _builder_version=\u00a0\u00bb4.27.0&Prime; _module_preset=\u00a0\u00bbdefault\u00a0\u00bb theme_builder_area=\u00a0\u00bbpost_content\u00a0\u00bb hover_enabled=\u00a0\u00bb0&Prime; sticky_enabled=\u00a0\u00bb0&Prime;]<\/p>\n<h1>Mentions L\u00e9gales<\/h1>\n<p>&nbsp;<\/p>\n<h4>1. Informations G\u00e9n\u00e9rales<\/h4>\n<p>\u00a0\u00a0\u00a0 Nom de l&rsquo;avocat : MOLLARD Christel<br \/>\u00a0\u00a0\u00a0 Titre professionnel : Avocat inscrit au Barreau de LYON<br \/>\u00a0\u00a0\u00a0 Adresse :<br \/>\u00a0\u00a0\u00a0 \u00a0\u00a0\u00a0 11 place Aristide Briand<br \/>\u00a0\u00a0\u00a0 \u00a0\u00a0\u00a0 Parc IV<br \/>\u00a0\u00a0\u00a0 \u00a0\u00a0\u00a0 69003 LYON<br \/>\u00a0\u00a0\u00a0 T\u00e9l\u00e9phone : +33 06 32 53 00 46<br \/>\u00a0\u00a0\u00a0 E-mail : <a href=\"mailto:christelmollard@gmail.com\">christelmollard@gmail.com<\/a><\/p>\n<h4><\/h4>\n<h4>2. H\u00e9bergeur du Site<\/h4>\n<p>\u00a0\u00a0\u00a0 Nom de l&rsquo;h\u00e9bergeur : Hostinger International Ltd.<br \/>\u00a0\u00a0\u00a0 Adresse de l&rsquo;h\u00e9bergeur : 61 Lordou Vironos Street, 6023 Larnaca, Cyprus<br \/>\u00a0\u00a0\u00a0 T\u00e9l\u00e9phone de l&rsquo;h\u00e9bergeur : +370 64 50 33 78<\/p>\n<h4><\/h4>\n<h4>3. Propri\u00e9t\u00e9 Intellectuelle<\/h4>\n<p>\u00a0\u00a0\u00a0 L&rsquo;ensemble du contenu de ce site internet, y compris les textes, images, et graphismes, est la propri\u00e9t\u00e9 de MOLLARD Christel ou est utilis\u00e9 avec l&rsquo;autorisation des titulaires des droits. Toute reproduction, distribution, modification ou utilisation non autoris\u00e9e de ces \u00e9l\u00e9ments est strictement interdite.<\/p>\n<h4><\/h4>\n<h4>4. Donn\u00e9es Personnelles<\/h4>\n<p>\u00a0\u00a0\u00a0 Les informations recueillies sur ce site font l&rsquo;objet d&rsquo;un traitement destin\u00e9 \u00e0 MOLLARD Christel pour la gestion de la client\u00e8le. Conform\u00e9ment \u00e0 la loi \u00ab\u00a0Informatique et Libert\u00e9s\u00a0\u00bb du 6 janvier 1978 modifi\u00e9e, vous b\u00e9n\u00e9ficiez d&rsquo;un droit d&rsquo;acc\u00e8s, de rectification et de suppression des informations qui vous concernent, que vous pouvez exercer en vous adressant \u00e0 MOLLARD Christel \u00e0 l&rsquo;adresse suivante :<br \/>\u00a0\u00a0\u00a0 \u00a0\u00a0\u00a0 11 place Aristide Briand<br \/>\u00a0\u00a0\u00a0 \u00a0\u00a0\u00a0 Parc IV<br \/>\u00a0\u00a0\u00a0 \u00a0\u00a0\u00a0 69003 LYON.<\/p>\n<h4><\/h4>\n<h4>5. Responsabilit\u00e9<\/h4>\n<p>\u00a0\u00a0\u00a0 MOLLARD Christel s&rsquo;efforce de fournir sur ce site des informations aussi pr\u00e9cises que possible. Toutefois, il ne pourra \u00eatre tenu responsable des omissions, des inexactitudes et des carences dans la mise \u00e0 jour, qu&rsquo;elles soient de son fait ou du fait des tiers partenaires qui lui fournissent ces informations.<\/p>\n<h4><\/h4>\n<h4>6. Domaines de Sp\u00e9cialisation<\/h4>\n<p>\u00a0\u00a0\u00a0 Droit de la Famille, des personnes et de leur patrimoine : Conseil et assistance dans les affaires de divorce, de succession, de protection des personnes vuln\u00e9rables, etc.<br \/>\u00a0\u00a0\u00a0 Droit immobilier : Conseil en transactions immobili\u00e8res, baux, litiges locatifs, copropri\u00e9t\u00e9, etc.<br \/>\u00a0\u00a0\u00a0 Recouvrement de cr\u00e9ances et mesures d\u2019ex\u00e9cution : Assistance dans le recouvrement des cr\u00e9ances, mise en place de mesures d&rsquo;ex\u00e9cution forc\u00e9e.<br \/>\u00a0\u00a0\u00a0 Ventes immobili\u00e8res : Conseil et assistance juridique lors de la vente d&rsquo;un bien immobilier.<\/p>\n<h4><\/h4>\n<h4>7. M\u00e9diation de la Consommation<\/h4>\n<p>\u00a0\u00a0\u00a0 Conform\u00e9ment aux articles L. 616-1 et R. 616-1 du code de la consommation, notre cabinet propose un dispositif de m\u00e9diation de la consommation. L&rsquo;entit\u00e9 de m\u00e9diation retenue est le \u00ab\u00a0M\u00e9diateur de la consommation de la profession d\u2019avocat\u00a0\u00bb, que vous pouvez contacter via le site internet <a href=\"https:\/\/mediateur-consommation-avocat.fr\" target=\"_blank\" rel=\"noopener\">https:\/\/mediateur-consommation-avocat.fr<\/a> ou par courrier \u00e0 M\u00e9diateur de la consommation de la profession d\u2019avocat, 180 boulevard Haussmann, 75008 Paris.<\/p>\n<h4><\/h4>\n<h4>8. Modification des Mentions L\u00e9gales<\/h4>\n<p>\u00a0\u00a0\u00a0 MOLLARD Christel se r\u00e9serve le droit de modifier les pr\u00e9sentes mentions l\u00e9gales \u00e0 tout moment. L&rsquo;utilisateur s&rsquo;engage donc \u00e0 les consulter r\u00e9guli\u00e8rement.<\/p>\n<p>\u00a0\u00a0\u00a0 Pour toute question ou demande d&rsquo;information suppl\u00e9mentaire, veuillez nous contacter \u00e0 l&rsquo;adresse suivante : <a href=\"mailto:christelmollard@gmail.com\">christelmollard@gmail.com<\/a>.<\/p>\n<p>MOLLARD Christel<br \/>11 place Aristide Briand<br \/>Parc IV<br \/>69003 LYON<br \/>+33 06 32 53 00 46<br \/><a href=\"mailto:christelmollard@gmail.com\">christelmollard@gmail.com<\/a><\/p>\n<p>[\/et_pb_text][\/et_pb_column][\/et_pb_row][\/et_pb_section]<\/p>\n","protected":false},"excerpt":{"rendered":"<p>Mentions L\u00e9gales &nbsp; 1. Informations G\u00e9n\u00e9rales \u00a0\u00a0\u00a0 Nom de l&rsquo;avocat : MOLLARD Christel\u00a0\u00a0\u00a0 Titre professionnel : Avocat inscrit au Barreau de LYON\u00a0\u00a0\u00a0 Adresse :\u00a0\u00a0\u00a0 \u00a0\u00a0\u00a0 11 place Aristide Briand\u00a0\u00a0\u00a0 \u00a0\u00a0\u00a0 Parc IV\u00a0\u00a0\u00a0 \u00a0\u00a0\u00a0 69003 LYON\u00a0\u00a0\u00a0 T\u00e9l\u00e9phone : +33 06 32 53 00 46\u00a0\u00a0\u00a0 E-mail : christelmollard@gmail.com 2. H\u00e9bergeur du Site \u00a0\u00a0\u00a0 Nom de l&rsquo;h\u00e9bergeur : [&hellip;]<\/p>\n","protected":false},"author":1,"featured_media":0,"parent":0,"menu_order":0,"comment_status":"closed","ping_status":"closed","template":"","meta":{"_acf_changed":false,"_et_pb_use_builder":"on","_et_pb_old_content":"<!-- wp:heading -->\n<h2 class=\"wp-block-heading\">Who we are<\/h2>\n<!-- \/wp:heading -->\n\n<!-- wp:paragraph -->\n<p><strong class=\"privacy-policy-tutorial\">Suggested text: <\/strong>Our website address is: http:\/\/mollard-avocat.fr.<\/p>\n<!-- \/wp:paragraph -->\n\n<!-- wp:heading -->\n<h2 class=\"wp-block-heading\">Mentions L\u00e9gales<\/h2>\n<!-- \/wp:heading -->\n\n<!-- wp:paragraph -->\n<p>1. Informations G\u00e9n\u00e9rales<\/p>\n<!-- \/wp:paragraph -->\n\n<!-- wp:paragraph -->\n<p>\u00a0 \u00a0 Nom de l'avocat : MOLLARD Christel<br>\u00a0 \u00a0 Titre professionnel : Avocat inscrit au Barreau de LYON<br>\u00a0 \u00a0 Adresse :<br>        11 place Aristide Briand<br>\u00a0 \u00a0     Parc IV<br>\u00a0 \u00a0     69003 LYON<\/p>\n<!-- \/wp:paragraph -->\n\n<!-- wp:paragraph -->\n<p>\u00a0 \u00a0 T\u00e9l\u00e9phone : +33 06 32 53 00 46<br>    E-mail : christelmollard@gmail.com<\/p>\n<!-- \/wp:paragraph -->\n\n<!-- wp:paragraph -->\n<p>2. H\u00e9bergeur du Site<\/p>\n<!-- \/wp:paragraph -->\n\n<!-- wp:paragraph -->\n<p>\u00a0 \u00a0 Nom de l'h\u00e9bergeur : Hostinger International Ltd.<br>\u00a0 \u00a0 Adresse de l'h\u00e9bergeur : 61 Lordou Vironos Street, 6023 Larnaca, Cyprus<br>\u00a0 \u00a0 T\u00e9l\u00e9phone de l'h\u00e9bergeur : +370 64 50 33 78<\/p>\n<!-- \/wp:paragraph -->\n\n<!-- wp:paragraph -->\n<p>3. Propri\u00e9t\u00e9 Intellectuelle<\/p>\n<!-- \/wp:paragraph -->\n\n<!-- wp:paragraph -->\n<p>L'ensemble du contenu de ce site internet, y compris les textes, images, et graphismes, est la propri\u00e9t\u00e9 de MOLLARD Christel ou est utilis\u00e9 avec l'autorisation des titulaires des droits. Toute reproduction, distribution, modification ou utilisation non autoris\u00e9e de ces \u00e9l\u00e9ments est strictement interdite.<\/p>\n<!-- \/wp:paragraph -->\n\n<!-- wp:paragraph -->\n<p>4. Donn\u00e9es Personnelles<\/p>\n<!-- \/wp:paragraph -->\n\n<!-- wp:paragraph -->\n<p>Les informations recueillies sur ce site font l'objet d'un traitement destin\u00e9 \u00e0 MOLLARD Christel pour la gestion de la client\u00e8le. Conform\u00e9ment \u00e0 la loi \"Informatique et Libert\u00e9s\" du 6 janvier 1978 modifi\u00e9e, vous b\u00e9n\u00e9ficiez d'un droit d'acc\u00e8s, de rectification et de suppression des informations qui vous concernent, que vous pouvez exercer en vous adressant \u00e0 MOLLARD Christel \u00e0 l'adresse suivante :<br>    11 place Aristide Briand<br>    Parc IV<br>    69003 LYON.<\/p>\n<!-- \/wp:paragraph -->\n\n<!-- wp:paragraph -->\n<p>5. Responsabilit\u00e9<\/p>\n<!-- \/wp:paragraph -->\n\n<!-- wp:paragraph -->\n<p>MOLLARD Christel s'efforce de fournir sur ce site des informations aussi pr\u00e9cises que possible. Toutefois, il ne pourra \u00eatre tenu responsable des omissions, des inexactitudes et des carences dans la mise \u00e0 jour, qu'elles soient de son fait ou du fait des tiers partenaires qui lui fournissent ces informations.<\/p>\n<!-- \/wp:paragraph -->\n\n<!-- wp:paragraph -->\n<p>6. Domaines de Sp\u00e9cialisation<\/p>\n<!-- \/wp:paragraph -->\n\n<!-- wp:paragraph -->\n<p>&nbsp; &nbsp; Droit de la Famille, des personnes et de leur patrimoine : Conseil et assistance dans les affaires de divorce, de succession, de protection des personnes vuln\u00e9rables, etc.<\/p>\n<!-- \/wp:paragraph -->\n\n<!-- wp:paragraph -->\n<p>&nbsp; &nbsp; Droit immobilier : Conseil en transactions immobili\u00e8res, baux, litiges locatifs, copropri\u00e9t\u00e9, etc.<\/p>\n<!-- \/wp:paragraph -->\n\n<!-- wp:paragraph -->\n<p>&nbsp; &nbsp; Recouvrement de cr\u00e9ances et mesures d\u2019ex\u00e9cution : Assistance dans le recouvrement des cr\u00e9ances, mise en place de mesures d'ex\u00e9cution forc\u00e9e.<\/p>\n<!-- \/wp:paragraph -->\n\n<!-- wp:paragraph -->\n<p>&nbsp; &nbsp; Ventes immobili\u00e8res : Conseil et assistance juridique lors de la vente d'un bien immobilier.<\/p>\n<!-- \/wp:paragraph -->\n\n<!-- wp:paragraph -->\n<p>7. M\u00e9diation de la Consommation<\/p>\n<!-- \/wp:paragraph -->\n\n<!-- wp:paragraph -->\n<p>Conform\u00e9ment aux articles L. 616-1 et R. 616-1 du code de la consommation, notre cabinet propose un dispositif de m\u00e9diation de la consommation. L'entit\u00e9 de m\u00e9diation retenue est le \"M\u00e9diateur de la consommation de la profession d\u2019avocat\", que vous pouvez contacter via le site internet https:\/\/mediateur-consommation-avocat.fr ou par courrier \u00e0 M\u00e9diateur de la consommation de la profession d\u2019avocat, 180 boulevard Haussmann, 75008 Paris.<\/p>\n<!-- \/wp:paragraph -->\n\n<!-- wp:paragraph -->\n<p>8. Modification des Mentions L\u00e9gales<\/p>\n<!-- \/wp:paragraph -->\n\n<!-- wp:paragraph -->\n<p>MOLLARD Christel se r\u00e9serve le droit de modifier les pr\u00e9sentes mentions l\u00e9gales \u00e0 tout moment. L'utilisateur s'engage donc \u00e0 les consulter r\u00e9guli\u00e8rement.<\/p>\n<!-- \/wp:paragraph -->\n\n<!-- wp:paragraph -->\n<p>Pour toute question ou demande d'information suppl\u00e9mentaire, veuillez nous contacter \u00e0 l'adresse suivante : [Adresse e-mail] christelmollard@gmail.com.<\/p>\n<!-- \/wp:paragraph -->\n\n<!-- wp:paragraph -->\n<p>MOLLARD Christel<br>11 place Aristide Briand<br>Parc IV<br>69003 LYON<br>+33 06 32 53 00 46<br>christelmollard@gmail.com<\/p>\n<!-- \/wp:paragraph -->","_et_gb_content_width":"","footnotes":""},"class_list":["post-3","page","type-page","status-publish","hentry"],"acf":[],"_links":{"self":[{"href":"https:\/\/mollard-avocat.fr\/index.php\/wp-json\/wp\/v2\/pages\/3","targetHints":{"allow":["GET"]}}],"collection":[{"href":"https:\/\/mollard-avocat.fr\/index.php\/wp-json\/wp\/v2\/pages"}],"about":[{"href":"https:\/\/mollard-avocat.fr\/index.php\/wp-json\/wp\/v2\/types\/page"}],"author":[{"embeddable":true,"href":"https:\/\/mollard-avocat.fr\/index.php\/wp-json\/wp\/v2\/users\/1"}],"replies":[{"embeddable":true,"href":"https:\/\/mollard-avocat.fr\/index.php\/wp-json\/wp\/v2\/comments?post=3"}],"version-history":[{"count":3,"href":"https:\/\/mollard-avocat.fr\/index.php\/wp-json\/wp\/v2\/pages\/3\/revisions"}],"predecessor-version":[{"id":575,"href":"https:\/\/mollard-avocat.fr\/index.php\/wp-json\/wp\/v2\/pages\/3\/revisions\/575"}],"wp:attachment":[{"href":"https:\/\/mollard-avocat.fr\/index.php\/wp-json\/wp\/v2\/media?parent=3"}],"curies":[{"name":"wp","href":"https:\/\/api.w.org\/{rel}","templated":true}]}}